).
281
Let l(v) = 1407*v - 64971. What is l(46)?
-249
Let n(m) = m**3 + 29*m**2 + 1357*m + 41450. Give n(-30).
-160
Let w(g) = 676*g - 75707. What is w(112)?
5
Let o(q) = 45*q**2 - 449*q + 3240. Determine o(7).
2302
Let z(c) = 15*c**2 + 4360*c + 29802. Calculate z(-7).
17
Let m(g) = 178*g**2 - 4550*g + 3. Determine m(26).
2031
Let r(n) = -914*n - 106943. Calculate r(-117).
-5
Let f(b) = 434*b - 2565. Give f(6).
39
Let v(d) = -d**3 + 47*d**2 - 56*d + 482. Calculate v(46).
22
Let c(f) = -f**3 - 24*f**2 - 177*f - 5042. Give c(-25).
8
Let z(v) = 3212*v + 587781. Calculate z(-183).
-15
Let z(b) = 506*b**2 - 1257*b + 482. Determine z(2).
-8
Let h(c) = 70140*c - 1052093. What is h(15)?
7
Let n(g) = -7583*g - 356454. What is n(-47)?
-53
Let s(i) = i**3 + 201*i**2 - 487*i - 16654. What is s(-203)?
-211
Let i(n) = -4*n**2 + 154*n - 840. Determine i(39).
-918
Let n(h) = 4*h**2 - 3174*h - 65089. Determine n(-20).
-9
Let q(y) = -6432*y - 15050. What is q(-2)?
-2186
Let o(g) = -4*g**2 - 572*g + 8092. Determine o(13).
-20
Let h(b) = 162556*b + 975298. What is h(-6)?
-38
Let p(n) = -2365*n**3 + n**2 + 56*n - 57. What is p(1)?
-2365
Let x(y) = -y**2 - 4471*y - 618886. What is x(-143)?
18
Let j(w) = 15*w**2 + 1299*w + 2636. Calculate j(-85).
596
Let t(c) = 4*c**2 - 31189*c - 374847. Calculate t(-12).
-3
Let u(n) = -9*n**2 - 1053*n + 1060. Determine u(1).
-2
Let y(t) = -77*t**2 - 1033*t + 95. Give y(-14).
-535
Let n(x) = -x**2 - 57*x - 2048. Determine n(-61).
-2292
Let y(p) = p**3 - 22*p**2 - 57*p + 845. Determine y(13).
-1417
Let n(x) = 7*x**2 - 1871*x - 159594. What is n(-68)?
2
Let b(w) = 7956*w - 405687. What is b(51)?
69
Let m(h) = 1003*h**2 - 34094*h - 278. Determine m(34).
-6
Let r(a) = 47522*a**2 + 665301*a - 100. Give r(-14).
-2
Let o(y) = -2*y**3 - 111*y**2 - 256*y + 329. Calculate o(-53).
-148
Let c(p) = -125*p - 5038. What is c(-13)?
-3413
Let v(r) = -5*r**2 + 1083*r + 88078. Give v(-63).
4
Let p(q) = 10*q**3 + 313*q**2 - 1632*q + 27. Give p(5).
942
Let u(i) = -8*i**3 - 664*i**2 - 77. Calculate u(-83).
-77
Let o(r) = -1492*r - 1655. Determine o(-1).
-163
Let a(l) = 1912*l + 93972. Determine a(-49).
284
Let w(y) = 2*y**2 + 18602*y - 130308. What is w(7)?
4
Let u(b) = 7*b**2 + 10585*b + 95093. Determine u(-9).
395
Let g(u) = -394*u**2 - 3930*u + 71. Calculate g(-10).
-29
Let r(n) = 237*n**2 + 6480*n - 4412. Give r(-28).
-44
Let a(z) = z**3 + 161*z**2 - 1869*z + 3950. Give a(-172).
-6
Let c(s) = s**3 + 28*s + 4932. Calculate c(0).
4932
Let f(x) = 15*x**3 + 12*x**2 - 30*x + 48. Determine f(2).
156
Let w(f) = -f**3 - 2*f**2 + 5095*f - 20326. Determine w(4).
-42
Let a(y) = -223*y + 5051. Calculate a(22).
145
Let m(z) = -153*z - 7375. Give m(-42).
-949
Let y(j) = -207*j + 26093. Determine y(137).
-2266
Let n(j) = -490*j**3 - 3*j**2 + 14*j + 9. What is n(-1)?
482
Let r(m) = -3*m**3 + 14*m**2 - 1088*m + 4314. Calculate r(4).
-6
Let a(g) = -g**2 + 1280*g - 19091. Calculate a(15).
-116
Let m(d) = 456*d - 41950. What is m(92)?
2
Let k(v) = 15582*v + 46747. Give k(-3).
1
Let r(a) = -a**3 - 158*a**2 + 325*a + 803. Determine r(-160).
3
Let j(m) = 7*m**3 - 10*m**2 - 18*m + 67. What is j(6)?
1111
Let u(m) = -2*m**2 + 538*m + 28. Give u(0).
28
Let q(y) = -1671*y**2 - 11746*y - 3. Determine q(-7).
340
Let g(o) = 44881*o - 2019728. What is g(45)?
-83
Let w(t) = 123*t**2 + 11*t - 34. Give w(0).
-34
Let c(q) = -9927*q + 843803. Determine c(85).
8
Let w(g) = g**3 - 10*g**2 + 142*g - 1461. What is w(12)?
531
Let f(w) = 3*w**3 + 276*w**2 + 266*w - 456. Give f(-91).
181
Let t(o) = -2288*o - 292868. Give t(-128).
-4
Let l(y) = 134*y**2 - 24923*y - 185. Calculate l(186).
1
Let z(y) = 17*y**2 + 490*y - 1157. Give z(-31).
-10
Let c(v) = -72*v**3 - 8*v**2 - 30*v - 52. Calculate c(-2).
552
Let l(h) = 13*h**3 - 587*h**2 + 575*h + 9. Give l(1).
10
Let u(y) = -54*y - 3098. What is u(-68)?
574
Let t(q) = -8260*q - 41404. Calculate t(-5).
-104
Let o(p) = 4*p**2 - 8875*p - 444489. Give o(-49).
-10
Let n(m) = 23*m**3 + 14078*m**2 + 1230*m + 3754. Determine n(-612).
82
Let l(j) = -40*j**2 + 3856*j - 78772. What is l(67)?
20
Let k(z) = 2329*z - 48797. Give k(21).
112
Let f(o) = 526*o**3 - 4*o**2 + 3. Determine f(-1).
-527
Let g(p) = -11*p**3 - 352*p**2 + 699*p + 19. Calculate g(2).
-79
Let s(x) = 1981*x + 219187. Determine s(-111).
-704
Let l(f) = -1066*f**3 - 15991*f**2 - 11*f + 55. Give l(-15).
-5
Let g(a) = -79381*a + 476308. Calculate g(6).
22
Let q(d) = -312810*d - 938465. Calculate q(-3).
-35
Let r(w) = 2*w**2 + 320*w + 10802. What is r(-67)?
-1660
Let s(c) = -202*c - 5435. Give s(-24).
-587
Let v(x) = -74*x + 2222. Give v(-22).
3850
Let z(n) = 19392*n + 445478. Determine z(-23).
-538
Let p(z) = -62*z**2 + 13790*z + 245687. Give p(239).
-5
Let b(a) = a**3 - 484*a**2 - 5929*a - 11412. Calculate b(496).
-4
Let y(s) = -36*s + 5436. Determine y(183).
-1152
Let z(w) = -38012*w - 113927. Calculate z(-3).
109
Let h(b) = 2*b**2 + 266*b + 7312. What is h(-97)?
328
Let a(j) = -48161*j + 1733773. What is a(36)?
-23
Let v(f) = -4*f**2 - 1147*f + 1995. What is v(0)?
1995
Let f(s) = -1955*s**2 + 676427*s + 1027. Give f(346).
-11
Let o(t) = 1246*t + 70749. Calculate o(-57).
-273
Let h(z) = 7*z**3 + 1316*z**2 - 1308*z - 7. What is h(1)?
8
Let s(q) = -2*q**3 - 637*q**2 - 6466*q + 581. Give s(-308).
-35
Let s(z) = -2*z**2 - 929*z - 3712. Determine s(-4).
-28
Let f(j) = 4*j**3 + 29*j**2 - 125*j - 878. What is f(-7)?
46
Let w(m) = m**3 + 164*m**2 - 178*m - 1943. Give w(-165).
202
Let x(q) = -66718*q - 467025. Give x(-7).
1
Let v(a) = -a**3 + 213*a**2 + 3568*a - 247321. What is v(224)?
-25
Let h(v) = -11*v**3 + 5202*v**2 - 4740*v + 9455. What is h(472)?
15
Let o(h) = 30*h**2 - 314*h + 2288. Calculate o(7).
1560
Let r(v) = -1053*v**2 - 3104*v + 205. Calculate r(-3).
40
Let f(d) = -30*d**3 - 162*d**2 + 246*d + 816. Determine f(-6).
-12
Let u(y) = y**2 + 3139*y + 210. What is u(0)?
210
Let b(k) = 50*k - 1354. Give b(16).
-554
Let g(r) = r**3 - 15*r**2 + 16*r - 130. Give g(15).
110
Let q(b) = 1015*b + 3079. Give q(-4).
-981
Let h(u) = -57*u - 2155. Determine h(4).
-2383
Let q(j) = -2321*j + 336526. Determine q(145).
-19
Let i(l) = 2*l**2 + 421*l - 1679. What is i(4)?
37
Let r(j) = -83*j**3 + 45*j**2 + 41*j - 21. Give r(1).
-18
Let n(g) = -5*g**2 + 3142*g + 53834. Determine n(-17).
-1025
Let q(g) = 3665*g + 142365. Determine q(-40).
-4235
Let g(m) = m**3 + 53*m**2 + 45*m + 161. Calculate g(-52).
525
Let w(u) = 859*u + 19221. Determine w(-23).
-536
Let x(o) = 121*o**3 + 18*o**2 + 90*o + 92. Give x(-1).
-101
Let x(r) = 2*r**3 - 310*r**2 - 625*r - 600. Give x(157).
-129
Let p(y) = -7*y**2 + 882*y - 12327. Determine p(110).
-7
Let p(y) = 1932789*y - 7731162. Calculate p(4).
-6
Let a(y) = -4616*y - 110356. Calculate a(-24).
428
Let p(r) = r**3 - 307*r**2 + 20135*r + 1174. Give p(212).
114
Let m(v) = 90*v**2 - 108*v - 278. Determine m(-3).
856
Let l(y) = y**3 - 31*y**2 - 278*y - 35. Determine l(-7).
49
Let q(m) = m**3 - 44*m**2 + 358*m + 195. Calculate q(32).
-637
Let c(b) = -326*b + 14261. What is c(44)?
-83
Let c(o) = -o**3 + 3*o**2 - 154*o + 469. Calculate c(3).
7
Let f(v) = v**2 - 22571*v + 811146. Calculate f(36).
-114
Let l(k) = 278*k - 5009. Determine l(19).
273
Let q(f) = -372423*f - 1117263. What is q(-3)?
6
Let z(j) = -20*j**2 - 352*j + 171. Give z(12).
-6933
Let n(v) = 621*v + 1591. Give n(-5).
-1514
Let s(l) = -3*l**3 + 96*l**2 - 46*l - 1553. What is s(31)?
-96
Let o(s) = -5*s**3 - 157*s**2 - 1142*s - 50. Give o(-20).
-10
Let f(a) = a**2 + 429*a + 31532. What is f(-92)?
528
Let k(u) = 4509*u - 135. Determine k(0).
-135
Let b(v) = 2*v**2 + 56554*v - 509047. Give b(9).
101
Let p(d) = -31*d**2 + d - 51. Determine p(-7).
-1577
Let f(b) = 738*b - 22092. Give f(30).
48
Let f(w) = 54043*w + 162135. What is f(-3)?
6
Let y(k) = -24*k**3 + 52*k**2 - 103*k - 5. Give y(2).
-195
Let d(c) = -839*c + 2093. Determine d(3).
-424
Let b(i) = -30*i + 334. What is b(-10)?
634
Let i(d) = 2*d**3 - 17*d**2 + 399. Calculate i(0).
399
Let b(a) = -4*a**2 + 354*a - 8461. What is b(56)?
-1181
Let i(n) = -4415*n + 30919. Calculate i(7).
14
Let k(z) = -2*z**3 - z**2 + 180*z - 347. Give k(2).
-7
Let r(n) = -4*n**2 - 314*n - 3199. Give r(-12).
-7
Let y(z) = z**3 + 134*z**2 + 667*z + 2839. What is y(-129)?
1
Let z(v) = -54218*v - 18